ate the greatest common factor of 1338 and 7402485.
669
Calculate the highest common factor of 196 and 161931.
7
Calculate the highest common divisor of 43772248 and 5239.
403
Calculate the highest common factor of 2476829 and 17631.
653
Calculate the greatest common factor of 40 and 4422490.
10
What is the highest common divisor of 1681 and 18258817?
41
Calculate the highest common divisor of 1226 and 86012482.
1226
Calculate the highest common divisor of 17453 and 107074.
31
Calculate the greatest common divisor of 80604986 and 2492.
1246
What is the highest common divisor of 251114 and 197902?
106
Calculate the greatest common factor of 3771 and 72403200.
3771
What is the greatest common divisor of 459795 and 181200?
2265
Calculate the highest common factor of 18 and 76518342.
18
What is the greatest common divisor of 10043 and 11205?
83
Calculate the greatest common divisor of 2195 and 42304235.
2195
Calculate the highest common divisor of 2624 and 23074472.
328
Calculate the greatest common divisor of 142562 and 258706.
238
Calculate the highest common factor of 54 and 465929361.
27
What is the highest common factor of 4005 and 25368471?
801
Calculate the highest common factor of 4087 and 114009.
61
What is the highest common divisor of 1482470 and 61270?
110
What is the highest common divisor of 109671 and 973?
139
What is the greatest common factor of 5607 and 331023?
21
What is the highest common divisor of 12886 and 284091199?
6443
What is the highest common factor of 4629513 and 1638?
21
What is the highest common factor of 10164639 and 2337?
57
Calculate the highest common factor of 197359551 and 1161.
1161
What is the highest common divisor of 52373 and 74119?
83
Calculate the highest common factor of 1164244 and 969.
19
What is the greatest common factor of 2401 and 5068511?
2401
Calculate the highest common factor of 9801 and 11139018.
363
Calculate the highest common factor of 214 and 174524597.
107
What is the greatest common divisor of 840492 and 180?
36
Calculate the highest common factor of 413753103 and 162.
81
Calculate the highest common factor of 307753 and 90131.
467
Calculate the greatest common factor of 32508 and 391356.
252
Calculate the highest common divisor of 4691760 and 904.
904
Calculate the greatest common divisor of 247235220 and 12.
12
Calculate the greatest common factor of 7984396 and 20300.
812
Calculate the highest common factor of 252 and 156233.
7
Calculate the highest common factor of 1174088 and 1101532.
6596
What is the highest common divisor of 132246 and 316872?
54
Calculate the greatest common factor of 2341 and 53494191.
2341
Calculate the highest common divisor of 78 and 88920598.
26
Calculate the highest common divisor of 8838 and 5425550.
982
What is the highest common divisor of 504 and 280840616?
56
What is the highest common factor of 45490278 and 7194?
654
Calculate the highest common divisor of 504 and 60902212.
28
What is the highest common divisor of 123840 and 51989760?
2880
Calculate the greatest common factor of 44 and 39363093.
11
What is the greatest common factor of 2151 and 3476733?
717
What is the greatest common factor of 41488153 and 38?
19
Calculate the highest common factor of 50571 and 46785667.
1873
What is the highest common divisor of 340 and 7958295?
85
Calculate the highest common factor of 697404 and 110004.
1068
What is the greatest common divisor of 5679 and 1019065?
631
What is the highest common factor of 51 and 15418932?
51
Calculate the highest common divisor of 23479 and 707179.
53
What is the highest common factor of 38721673 and 34270?
3427
Calculate the greatest common divisor of 169349 and 4201686.
4577
What is the greatest common divisor of 1040 and 17163705?
65
Calculate the greatest common divisor of 76114 and 7562.
38
What is the greatest common factor of 574 and 740555858?
574
Calculate the highest common factor of 326 and 12471130.
326
Calculate the highest common factor of 24543 and 1731746.
101
Calculate the greatest common divisor of 12342707 and 234.
13
What is the highest common divisor of 1857484420 and 859?
859
What is the highest common factor of 120 and 176546760?
120
What is the greatest common factor of 727678407 and 186?
93
What is the greatest common factor of 3756930 and 360?
30
Calculate the greatest common factor of 1972100 and 123950.
1850
Calculate the greatest common factor of 9540 and 1595340.
180
What is the highest common factor of 20454511 and 274?
137
Calculate the highest common factor of 281523 and 196669.
209
Calculate the highest common factor of 1408 and 28534528.
1408
Calculate the highest common factor of 476740 and 271480.
220
What is the highest common factor of 6525 and 3420243?
9
Calculate the highest common divisor of 486 and 1027422.
18
Calculate the greatest common divisor of 1691 and 1563111.
19
What is the highest common divisor of 30 and 89099985?
15
What is the greatest common divisor of 397312475 and 3311?
301
What is the greatest common divisor of 97290464 and 370?
74
Calculate the highest common factor of 25177240 and 32.
8
What is the greatest common divisor of 1980 and 145326780?
180
Calculate the highest common divisor of 9366 and 204750.
42
What is the greatest common factor of 81650724 and 84?
12
What is the greatest common divisor of 296682975 and 57525?
4425
Calculate the greatest common factor of 12762597 and 102.
51
Calculate the greatest common divisor of 630499 and 588708.
1817
Calculate the highest common divisor of 23051 and 1693601.
259
What is the highest common factor of 107569 and 413?
7
Calculate the highest common divisor of 33065100 and 18.
18
What is the greatest common factor of 211754 and 39674?
478
Calculate the greatest common divisor of 5342964 and 8602.
374
What is the greatest common divisor of 523128 and 60609168?
7368
Calculate the highest common divisor of 1022274 and 990.
198
Calculate the greatest common divisor of 768865 and 53215.
1835
What is the highest common factor of 299088 and 29015690?
4154
Calculate the greatest common factor of 480970 and 20790.
70
Calculate the highest common divisor of 31856887 and 1594.
797
What is the greatest common divisor of 2275 and 1256580?
65
What is the highest common divisor of 1587 and 71778?
3
Calculate the highest common divisor of 3404 and 102295084.
148
Calculate the greatest common divisor of 13245194 and 920.
46
What is the highest common factor of 204290 and 12090?
310
What is the highest common factor of 1852872 and 80700?
3228
Calculate the greatest common factor of 140674504 and 584.
584
What is the greatest common divisor of 412068084 and 5458?
5458
Calculate the highest common factor of 26340 and 313885.
2195
What is the highest common divisor of 302838018 and 3066?
3066
Calculate the greatest common divisor of 3432 and 122822271.
429
Calculate the highest common divisor of 143916120 and 990.
90
Calculate the highest common factor of 66082 and 20794.
74
Calculate the highest common divisor of 13711696 and 496.
16
What is the greatest common factor of 154400925 and 315?
105
What is the greatest common factor of 120727430 and 10?
10
Calculate the highest common divisor of 43050448 and 50652.
1876
Calculate the highest common factor of 47790 and 161190.
810
What is the greatest common divisor of 28 and 4769800?
28
Calculate the greatest common divisor of 12 and 3651582.
6
What is the greatest common factor of 9425 and 1135147?
377
Calculate the greatest common factor of 76798 and 5366056.
1634
What is the highest common divisor of 545829 and 3?
3
What is the highest common divisor of 104 and 169988?
52
What is the highest common divisor of 70 and 4962615?
35
Calculate the greatest common divisor of 43 and 4277597.
43
What is the highest common divisor of 332377034 and 8382?
2794
What is the highest common factor of 509820 and 1972?
116
Calculate the greatest common divisor of 86274757 and 103.
103
Calculate the highest common factor of 904 and 7234938.
226
Calculate the greatest common factor of 6634686 and 10906.
38
What is the highest common divisor of 70 and 221359390?
70
Calculate the greatest common factor of 1308 and 15113613.
327
Calculate the highest common factor of 84002 and 574240.
194
What is the greatest c